 = 11*f + 430. Calculate o(-39).
1
Let u(t) = -t**3 + 4*t**2 - 4*t - 7. Determine u(6).
-103
Let y(f) = f**2 - 15*f - 31. Calculate y(17).
3
Let p(n) = n**2 - 20*n - 89. Determine p(24).
7
Let d(i) = -8*i**2 + 55*i - 9. Give d(7).
-16
Let t(o) = -o + 26. Determine t(29).
-3
Let u(b) = 21*b + 53. What is u(-3)?
-10
Let m(o) = -3*o**3 + 32*o**2 - 12*o - 8. Give m(10).
72
Let n(q) = -14*q - 287. Determine n(-20).
-7
Let l(p) = -2*p**3 - 34*p**2 + 37*p + 14. Determine l(-18).
-4
Let r(g) = -2*g**2 - g - 4. Give r(3).
-25
Let u(a) = 22*a**2 - 3*a - 5. What is u(-1)?
20
Let w(m) = 4*m + 57. Give w(-14).
1
Let u(d) = -d**2 - d + 5. Give u(8).
-67
Let h(i) = -2*i**2 - i + 1. Determine h(-2).
-5
Let c(m) = 2*m**2 + 2*m - 2. Give c(-2).
2
Let r(y) = y**2 - 17*y - 8. Determine r(17).
-8
Let n(g) = 5*g - 20. Calculate n(9).
25
Let s(i) = -i**3 + 13*i**2 - i + 13. Determine s(13).
0
Let h(g) = 36*g - 4. Determine h(0).
-4
Let m(t) = 2*t - 15. Calculate m(4).
-7
Let n(m) = -m**2 + 5*m + 26. What is n(-9)?
-100
Let d(r) = -5*r**2 - 96*r - 16. Determine d(-19).
3
Let p(w) = w + 16. What is p(-13)?
3
Let t(r) = -r**3 - 4*r + 5. Determine t(2).
-11
Let j(h) = 3*h + 7. Determine j(-7).
-14
Let i(a) = a**3 + 7*a**2 + 10*a + 7. Give i(-6).
-17
Let v(g) = -g**2 - 3*g + 15. Calculate v(-5).
5
Let r(j) = -17*j**2 + 2*j - 2. What is r(1)?
-17
Let n(o) = o**3 - 5*o**2 + 3*o + 5. What is n(4)?
1
Let y(t) = -t**3 - 19*t**2 - 19*t + 20. Determine y(-18).
38
Let h(d) = -27*d + 91. Calculate h(5).
-44
Let c(d) = 15*d**3 + d**2 - d - 1. Give c(-1).
-14
Let f(n) = 24*n**3 - n**2 - n + 1. What is f(1)?
23
Let a(l) = l**3 + 12*l**2 + 12*l + 12. Calculate a(-11).
1
Let l(p) = p**3 + p**2 - 2*p + 9. Calculate l(-3).
-3
Let f(s) = -s**3 + 43*s**2 + 44*s + 5. Give f(44).
5
Let u(q) = 2*q**2 + 60*q - 57. What is u(-31)?
5
Let q(c) = -52*c - 399. Give q(-8).
17
Let y(h) = -15*h + 129. What is y(9)?
-6
Let t(p) = 2*p**2 - 5*p + 8. Determine t(4).
20
Let h(o) = -3*o - 9. Give h(-6).
9
Let g(k) = k**3 - 2*k**2 - 5*k + 8. Give g(2).
-2
Let v(n) = 2*n - 5. Determine v(11).
17
Let h(g) = -g**3 + 3*g**2 + 8*g + 4. What is h(-3)?
34
Let u(g) = -15*g + 48. What is u(3)?
3
Let o(d) = -d**2 - 8*d - 4. Give o(-5).
11
Let u(j) = -j**3 + 4*j**2 - 2*j + 12. Calculate u(3).
15
Let p(b) = b**3 - 19*b**2 - 19*b - 29. Determine p(20).
-9
Let y(w) = w**3 - 14*w**2 - 18*w + 44. Determine y(15).
-1
Let c(l) = 4*l**2 + 6*l + 3. Give c(-1).
1
Let j(v) = v**2 + 4*v - 5. Calculate j(-3).
-8
Let b(h) = h**3 + 14*h**2 + 7*h + 10. Determine b(-14).
-88
Let p(o) = 4*o + 49. What is p(14)?
105
Let x(g) = -g**2 - 12*g + 16. Give x(-14).
-12
Let l(m) = m**2 + 8*m - 6. Calculate l(-7).
-13
Let z(k) = k**2 + 13*k + 28. Calculate z(-10).
-2
Let c(g) = -21*g + 256. Calculate c(12).
4
Let v(a) = -6*a**2 - 126*a - 106. Give v(-20).
14
Let q(k) = -k**2 + 7*k + 5. What is q(6)?
11
Let g(t) = -6*t + 102. Calculate g(18).
-6
Let h(d) = 2*d**2 + 6*d - 23. Calculate h(-5).
-3
Let v(m) = 13*m - 70. Calculate v(6).
8
Let w(j) = 33*j + 3. Calculate w(3).
102
Let n(l) = -3*l**3 + l**2 - 4*l - 9. Calculate n(-2).
27
Let z(q) = 2*q + 11. Determine z(-3).
5
Let z(d) = 3*d - 9. Determine z(5).
6
Let b(i) = -2*i + 32. Give b(15).
2
Let o(y) = y**3 - 7*y**2 - 16*y - 16. What is o(9)?
2
Let d(p) = p**2 - 13*p - 5. Calculate d(12).
-17
Let k(w) = -14*w**2 - 12*w + 16. Determine k(1).
-10
Let x(u) = u**3 + 16*u**2 + 42*u + 30. Calculate x(-13).
-9
Let a(n) = -n**2 - 15*n + 26. What is a(-17)?
-8
Let p(n) = -2*n + 9. Calculate p(2).
5
Let s(u) = -u**3 - 9*u**2 - 11*u - 11. What is s(-7)?
-32
Let n(w) = -w**2 + 6*w + 12. Determine n(-5).
-43
Let l(u) = -u**3 - 5*u**2 - 6*u - 2. Give l(-3).
-2
Let i(t) = -7*t**2 + 4. Give i(0).
4
Let k(x) = x**3 - 8*x**2 + 8*x + 9. What is k(7)?
16
Let f(c) = -15*c + 62. Determine f(4).
2
Let c(f) = -2*f**2 + 6*f - 8. Give c(2).
-4
Let q(d) = -d**2 - 11*d - 20. Determine q(-8).
4
Let u(r) = -r**2 + 7*r + 3. Determine u(7).
3
Let j(o) = 5*o - 72. Calculate j(16).
8
Let n(s) = -s**3 + 6*s**2 - 6*s. Determine n(6).
-36
Let b(g) = -g**3 + 9*g**2 - 10*g - 6. Give b(8).
-22
Let r(b) = 2*b**2 - 11*b - 12. Calculate r(6).
-6
Let g(w) = -w**3 + 13*w**2 - 13*w + 23. Determine g(12).
11
Let y(k) = -k**2 + 5*k + 58. Give y(-6).
-8
Let k(g) = -g**2 - 12*g - 19. Give k(-9).
8
Let n(d) = 43*d + 244. Give n(-6).
-14
Let s(f) = f**3 + 32*f**2 - 31*f + 60. What is s(-33)?
-6
Let w(f) = -f - 14. What is w(-13)?
-1
Let i(n) = -2*n**2 - 15*n - 5. Calculate i(-7).
2
Let w(n) = n**3 - 2*n**2 - 5*n + 4. Give w(3).
-2
Let f(r) = r + 3. Calculate f(2).
5
Let v(o) = 2*o**2 + 8*o - 6. Determine v(-6).
18
Let w(y) = y**3 + 32*y**2 - 33*y + 1. Give w(-33).
1
Let s(a) = a**3 - 8*a**2 + 16*a - 8. What is s(5)?
-3
Let x(m) = 15*m - 88. Calculate x(5).
-13
Let q(t) = -4*t + 82. What is q(20)?
2
Let a(c) = c**3 + 2*c**2 + c - 67. Give a(0).
-67
Let i(b) = -b**3 - b**2 + 9*b - 3. Determine i(-3).
-12
Let d(o) = -o**3 - 4*o**2 + 4*o + 5. Calculate d(-5).
10
Let v(y) = y**3 - 10*y**2 - 12*y + 14. Calculate v(11).
3
Let g(r) = r + 9. Give g(-13).
-4
Let h(p) = -p**3 + 3*p**2 + 2*p. What is h(2)?
8
Let n(j) = -j**2 - j + 14. Give n(-10).
-76
Let s(b) = -b**2 + 5*b - 3. What is s(2)?
3
Let k(g) = g**3 + g - 31. Give k(0).
-31
Let t(m) = -m**3 + 9*m**2 + 23*m - 8. Calculate t(11).
3
Let j(m) = 9*m - 33. Determine j(4).
3
Let d(p) = p**3 - p**2 + 3*p - 11. Calculate d(0).
-11
Let k(o) = o**2 - 21*o - 46. Calculate k(21).
-46
Let d(n) = n**3 + 3*n**2 - 6*n - 4. Give d(-4).
4
Let o(b) = 14*b**3 + b**2 + 3*b + 1. Give o(-1).
-15
Let q(c) = -c**3 + 6*c**2 - 7*c - 2. Give q(5).
-12
Let s(m) = -m**3 - 13*m**2 - 14. Determine s(-13).
-14
Let b(u) = u**2 - 15*u - 16. Give b(13).
-42
Let c(a) = a**2 - 8*a + 13. Determine c(7).
6
Let g(x) = -x**2 - 10*x - 20. Give g(-8).
-4
Let p(u) = u**2 - 4*u - 5. Determine p(5).
0
Let t(s) = 2*s + 2. What is t(4)?
10
Let z(n) = 2*n**2 - 10*n - 2. Give z(5).
-2
Let v(g) = 8*g - 17. What is v(-8)?
-81
Let s(t) = 8*t**2 - t - 3. Calculate s(-3).
72
Let x(n) = -n - 3. What is x(-2)?
-1
Let j(m) = -14*m - 135. Determine j(-10).
5
Let p(f) = -f**3 - 4*f**2 + f - 6. Give p(-5).
14
Let i(p) = p**3 + 28*p**2 + 2*p - 2. Calculate i(-28).
-58
Let d(v) = -v**2 + 21*v + 167. Calculate d(26).
37
Let s(h) = h**2 - 12*h - 31. Calculate s(-5).
54
Let c(u) = -u**3 - 20*u**2 - 3. Determine c(-20).
-3
Let j(g) = g**2 + 30*g + 67. Give j(-27).
-14
Let t(z) = z**3 - 20*z**2 + 2*z - 25. Give t(20).
15
Let l(b) = 7*b + 44. Determine l(-11).
-33
Let t(m) = 5*m**2 + 8*m + 11. What is t(-5)?
96
Let o(h) = 4*h - 21. What is o(5)?
-1
Let s(d) = 5*d**2 - 2*d + 8. Give s(2).
24
Let y(o) = -o**2 + 7*o + 6. What is y(7)?
6
Let q(l) = -l**2 - 6*l + 9. Determine q(-9).
-18
Let x(g) = -3*g - 20. Determine x(0).
-20
Let m(q) = -4*q + 4. Calculate m(7).
-24
Let g(m) = -m**3 - 9*m**2 + 4*m + 1. Determine g(-9).
-35
Let c(r) = -r**2 - 13*r - 14. What is c(-16)?
-62
Let s(w) = w**3 + 10*w**2 + 13*w + 31. Give s(-9).
-5
Let o(f) = -f**3 - 7*f**2 + 5*f - 2. Determine o(-7).
-37
Let q(m) = -m**2 + 7*m. Give q(5).
10
Let m(a) = -3*a + 6. What is m(-3)?
15
Let q(o) = -8*o**3 + o**2 + 4*o + 3. Give q(-1).
8
Let y(s) = -13*s - 128. What is y(-10)?
2
Let h(w) = 22*w**3 + w**2 + 2*w - 2. Give h(1).
23
Let t(j) = 6*j + 1. Give t(2).
13
Let i(o) = 7*o**2 - 2*o + 3. Calculate i(2).
27
Let b(w) = -w + 30. Give b(27).
3
Let i(d) = d**3 - 5*d**2 + 8*d - 3. Give i(5).
37
Let s(w) = -w**2 - 11*w + 7. Give s(-8).
31
Let c(m) = -2*m**3 - 3*m**2 + 52*m + 108. Give c(-2).
8
Let s(f) = -10*f**2 - 2*f + 3. Give s(1).
-9
Let b(s) = -18*s**2 - s. Calculate b(-1).
-17
Let t(k) = k**3 + k**2 + 8*k + 37. Give t(-3).
-5
Let i(m) = 6*m**2 + m + 3. Determine i(2).
29
Let i(j) = -j**3 - 26*j**2 - 24*j + 17. Calculate i(-25).
-8
Let b(y) = 16*y - 122. Determine b(8).
6
Let w(m) = -5*m - 175. Give w(0).
-175
Let h(i) = 6*i**2 - 3*i + 2. Determine h(1).
5
Let h(m) = 6*m - 76. Give h(16).
20
Let j(m) = 21*m**2 - 2*m + 1. Determine j(1).
20
Let n(b) = -6*b - 99. Determine n(-19).
15
Let l(k) = 28*k + 322. Give l(-12).
-14
Let d(c) = c**3 - 11*c**2 + 5*c + 5. Determine d(11).
60
Let h(r) = -r**2 - 13*r - 19. Determine h(-8).
21
Let y(k) = -10*k - 104. Give y(-11).
6
Let a(q) = 11*q**2 - q + 3. Giv